6, 5*g = 5. Let v be -4 + 6 + d + 0. Let a = -5 + v. Is a a multiple of 19?
False
Let a be 1/(-4) - 13/(-4). Suppose -b + 76 = -2*f - 2*f, a*f + 40 = 5*b. Does 11 divide f/(-1) - (-2 + 0)?
True
Let n be 50/3*3/2. Suppose -30*i + 70 = -n*i. Is 5 a factor of i?
False
Let d = 33 + 31. Is d a multiple of 40?
False
Let d = 5 - 1. Let o be 60/25 + d/(-10). Suppose t = 10 - o. Is t a multiple of 3?
False
Suppose -4*o = -5 + 1. Let r(t) = -2*t + 3*t**2 - t + 2*t**2 + 5*t - 1. Is r(o) a multiple of 5?
False
Suppose -6*k - k = -1484. Does 28 divide k?
False
Let u(c) = -c**2 + 58. Let i = 12 + -7. Suppose h = i*h. Is 15 a factor of u(h)?
False
Let o = -31 + 63. Does 12 divide o?
False
Suppose 3*i + 3*d - 726 = 0, -3*d = -i - 88 + 318. Is i a multiple of 31?
False
Let n = 278 - 80. Is n a multiple of 11?
True
Let p = -23 - -48. Suppose -2*l + p = -l. Is l a multiple of 12?
False
Let i(s) = 15*s + 13*s**2 - 15*s. Is i(-1) a multiple of 13?
True
Let y(d) = d**2 - 5*d + 22. Does 22 divide y(5)?
True
Let a be (3 + -1)/1 + 1. Suppose a*l - 121 = 2*i, -2*l = 5*i + 36 - 104. Does 14 divide l?
False
Let b be 48/6*(-2)/(-4). Let s = b - -1. Suppose -s*t + 0*t + 80 = 0. Is 8 a factor of t?
True
Let c(f) = f**3 + f + 2. Suppose -k + 5 = -4*s, 2*s - 4*k - 7 = -27. Let d be c(s). Is d/5 - (-371)/35 a multiple of 6?
False
Let i = 151 - 67. Is i a multiple of 22?
False
Suppose -r - 4 = 3*b - 29, 3*r - 63 = -5*b. Is 16 a factor of r?
True
Let w(o) = 0 + 0*o + o + 4 + 0. Is w(3) a multiple of 7?
True
Let m(u) = u**3 - 5*u**2 + 5*u - 3. Let k(z) = z**2 - z - 2. Let c be k(-2). Let q be m(c). Is 3 + -1*q*-2 a multiple of 3?
False
Let f = 8 + -4. Suppose p - f*q - 31 = 2, -p + 3*q = -28. Is 12 a factor of p?
False
Let u(q) = -q**3 - q - 2. Let m be u(0). Let c = 14 + m. Is ((-42)/4)/((-9)/c) a multiple of 14?
True
Let k(u) = 4*u + 11. Is k(6) a multiple of 5?
True
Let m(r) = 2*r**2 + 8*r + 8. Is 18 a factor of m(-5)?
True
Suppose 39 = 3*g + y, 54 + 0 = 5*g - 2*y. Is 6 a factor of -1 + 3 + g/3?
True
Is (-6)/12*-88 - 1*-3 a multiple of 15?
False
Suppose 2*w + 5 = 3*t, 3*w - 6*w = 4*t - 18. Suppose -w*s + 20 = 4. Suppose 0 = -2*u + 8, 0*u - 5*u + s = -3*g. Is g even?
True
Let y(j) = -j**2 + 13*j - 7. Does 8 divide y(5)?
False
Let z(o) be the third derivative of o**8/20160 + o**7/720 + o**6/90 + o**5/30 + o**2. Let a(g) be the third derivative of z(g). Does 3 divide a(-7)?
False
Let n(d) = -d**3 + 8*d**2 + 2*d + 6. Does 11 divide n(8)?
True
Let q = 66 - 45. Is 7 a factor of q?
True
Let u(s) = s**3 - 2*s**2 - 5*s + 16. Is 10 a factor of u(6)?
True
Suppose -5*r - 2*o + 13 + 52 = 0, 0 = -3*r - 2*o + 43. Suppose 0 = 2*i + 3 - r. Is 9 a factor of (1 + -3)/(i/(-54))?
True
Suppose 20 = 5*l + t, 2*l - 4 = l + 4*t. Suppose 0*n - 64 = -l*n. Does 16 divide n?
True
Let l(m) = -m + 9*m + m. Let w be l(-3). Does 5 divide (-6)/w - 43/(-9)?
True
Let a(s) = s + 4. Suppose -4*t + 5*t = 0. Let l be a(t). Suppose -v = -l*v + 93. Does 9 divide v?
False
Let i = -29 - -53. Does 6 divide i?
True
Suppose -5*j = -2*l + 16, -4*l + 3*j + 7 + 39 = 0. Does 13 divide l?
True
Let b(y) = 4*y + 3. Let m be b(-3). Let i = m + 33. Does 12 divide i?
True
Is 18 a factor of 4/(((-16)/(-76))/4)?
False
Let g(r) = r**2 - 8*r - 4. Let s be g(10). Is 5 a factor of (-23)/(-2) - 8/s?
False
Let o(d) = -d**3 + 7*d**2 - 3*d - 2. Does 7 divide o(6)?
False
Let w be 51/4 - (-1)/4. Let i = -8 + w. Suppose 3*c + 27 = 2*r + r, -i*r = 3*c - 45. Is 9 a factor of r?
True
Suppose c - 2*c = -8. Suppose 0 = 2*y + n - 4, -4*y - 4*n + c = 0. Suppose y*d - 3*a = 50 - 22, -3*d + 3*a + 42 = 0. Is 11 a factor of d?
False
Let o(r) = 6*r - 6*r - 2*r + 3. Is 2 a factor of o(-2)?
False
Let z = 268 - 64. Suppose z = 5*n - n. Is n a multiple of 18?
False
Is 4 a factor of (-5)/(45/(-48))*6/4?
True
Suppose 4*s - s = -21. Let z be 6/(-21) + (-170)/s. Suppose -z = -3*t - t. Does 6 divide t?
True
Suppose 0 = -3*r + 3, -355 = 7*p - 9*p - 3*r. Does 49 divide p?
False
Let a = 51 - 16. Is 12 a factor of a?
False
Let q = -19 + 33. Is q a multiple of 6?
False
Let j(u) = -u**2 + 7*u - 5. Let m = 6 - -1. Let w be j(m). Let t = 4 - w. Is t a multiple of 6?
False
Let k(x) = x + 34. Let j be ((-8)/5)/(1/(-5)). Let l = j + -8. Is k(l) a multiple of 13?
False
Suppose -2 + 5 = 3*s. Let j be 0/(-4 - s*-2). Suppose -3*d + 4 + 32 = j. Is 12 a factor of d?
True
Let k = 0 - 12. Let x = 0 - k. Is x a multiple of 12?
True
Suppose -2*z - c = -z - 35, 0 = z - 3*c - 23. Is z a multiple of 7?
False
Does 10 divide 66/7*(5 - -2)?
False
Suppose 3*k - k = 76. Let v = k - 16. Is 22 a factor of v?
True
Let l(o) = -7*o - 8. Let u(h) = 20*h + 23. Let c(v) = 8*l(v) + 3*u(v). Is 9 a factor of c(5)?
False
Let l be 1*(-2)/(-2)*6. Let k = 6 - l. Suppose -2*n + p + 3*p + 8 = k, 3*p = -n + 4. Does 2 divide n?
True
Let o = 51 - -45. Does 12 divide o?
True
Suppose 0 = 4*a + 2 - 14. Suppose 3 = -4*x + 3*w - a, -10 = -5*x - 5*w. Suppose x = -u + 4*h + 27, -3*h - 54 = -4*u + u. Does 9 divide u?
False
Let k(t) = t**2 - 4*t. Is 8 a factor of k(-4)?
True
Suppose r - w = 4*w - 17, -3*r + 4*w + 4 = 0. Let t = r + -10. Is 4/5*(-115)/t a multiple of 23?
True
Let w(y) be the first derivative of -y**4/4 + 8*y**3/3 - y**2/2 + 11*y + 2. Let z be w(8). Suppose 147 = z*t + 33. Does 11 divide t?
False
Let a be (9/(-3) - -2) + -139. Does 8 divide a/(-8) + 2/(-4)?
False
Let y(z) = z**2 + 5*z - 4. Let i be y(-8). Suppose 4*n - i = 2*n. Is n a multiple of 4?
False
Suppose -k = 4*n - 720, -4*k = k. Is n a multiple of 13?
False
Suppose -2*z = 3*z + 10. Let n be -1 - (z + -12 + -1). Let j = 48 - n. Is 16 a factor of j?
False
Let y = -3 + 0. Let j be (-13 - -1)/y*18. Let p = 106 - j. Is p a multiple of 9?
False
Suppose 56*u - 53*u - 198 = 0. Does 16 divide u?
False
Suppose -4*y - 24 = -3*r - y, 0 = -4*r - 2*y + 2. Suppose 2*w - 61 = -5*o, 4*w + w = -r*o + 105. Suppose -p - 4 = -w. Is 14 a factor of p?
True
Is 33 a factor of (-14830)/(-90) + 7/(-9) + 1?
True
Suppose 3*t = -s + 380 - 41, -s = 0. Does 24 divide t?
False
Let v = 585 + -387. Does 6 divide v?
True
Let j(k) = k**2 + 9*k - 8. Let w be j(-9). Let q = -5 - w. Let t = 21 + q. Is 10 a factor of t?
False
Let b = -15 + 4. Let j(w) = w**3 + 12*w**2 + 8*w - 13. Let n be j(b). Suppose m - n = -m. Does 4 divide m?
False
Let x(l) = 13*l**2 + 4*l - 11. Let z(d) = 7*d**2 + 2*d - 6. Let c(g) = 6*x(g) - 11*z(g). Let f be c(-4). Suppose -f = -k - 2. Does 6 divide k?
True
Suppose -2*p = 5 - 29. Suppose 4*o + p = -i, -i - 2*o = 1 + 1. Is 8 a factor of i?
True
Suppose 3*o + 10 = 5*o. Suppose t = o*t - 148. Suppose 0 = -5*m - 2*a - a + t, 0 = 2*m - a - 17. Does 3 divide m?
False
Let p(q) = -8*q**3 + q**2 - 2*q + 1. Let x(r) = r**3 + r**2 - r + 1. Let j(t) = -p(t) + x(t). Is 10 a factor of j(1)?
True
Let z(f) = -f**2 + 19*f - 1. Is 32 a factor of z(13)?
False
Let k(c) = c**3 + 4*c**2 - 7*c - 2. Suppose y - 6 = -y. Suppose -y*j - 31 = 5*d, -d + j - 18 = 3*d. Does 8 divide k(d)?
True
Let f(w) = -2*w**2 + 11*w + 3. Is f(5) a multiple of 4?
True
Let g(h) = -2*h + 1. Let v be g(-2). Suppose -5*x + 5*z = -5, -4*x + v*x - 2*z = -1. Let o = 17 - x. Is o a multiple of 14?
True
Let m(b) = b - 4. Let g be m(8). Suppose 0 = w - 16 + g. Let t = w + 1. Is t a multiple of 13?
True
Suppose 4*b - 17 = -5. Suppose -b*q = -q - 14. Is q a multiple of 6?
False
Is 4 a factor of (-8)/(-28) + (-26)/(-7)?
True
Let y = 12 - 7. Suppose 0 = -5*a - y, 2*a + a + 395 = 4*g. Suppose 4*w - 2*w = 4, g = 4*i - 3*w. Does 7 divide i?
False
Suppose -3*y = -5*y + 12. Suppose -y*l = -l - 280. Is 22 a factor of l?
False
Let l(z) = 12*z**2 - 2*z - 1. Let s be l(-2). Let i = s - 29. Is 22 a factor of i?
True
Suppose q - 5 - 2 = -j, 22 = 2*j + 4*q. Is (j/(-6))/(-1)*30 a multiple of 13?
False
Suppose 14*i - 18*i = -672. Is 42 a factor of i?
True
Let p = -6 + 4. Is (-1)/(p/(-30)*-1) a multiple of 9?
False
Let f(n) = 3*n**3 + 6*n**2 + 6*n + 8. Let g(r) = 7*r**3 + 12*r**2 + 13*r + 16. Let k(p) = 9*f(p) - 4*g(p). Is k(6) a multiple of 5?
True
Let g(j) = 3*j - 6. Let u(n) = -5*n + 1. Let i be u(-1). Let b be g(i). Is 12 a factor of (-2 + b/15)*-10?
True
Let i(p) = p**2 - 11*p + 8. Let t be i(7). Let k = -5 - t. Let b = k - 7. Does 4 divide b?
True
Let n be 7/5 - 10/25. Let m(y) = y**2 + 2*y - 1. Let x be m(n). Suppose 5*t + x*